 c*j + 3357 = 0. Suppose -f + j = -0*f. Is f prime?
False
Let d = 958 + -664. Let f = 219 + -112. Let u = d - f. Is u composite?
True
Let z = -6 - 26. Let p = -42 - z. Is 4784/6 + p/30 a composite number?
False
Let m = 1537 + -2437. Let y = m + 4129. Is y composite?
False
Let b(d) be the first derivative of -d**3/3 - d**2/2 + 17*d + 26. Let p be b(-4). Suppose -p*o + 13439 - 2794 = 0. Is o a composite number?
False
Suppose 2*f + 5*z = 414544, f + 4*z - 81971 - 125298 = 0. Is f prime?
False
Let n(w) = 2*w**3 - 17*w**2 + 20*w - 1. Is n(20) composite?
True
Let x(l) = 583*l**2 - 54*l - 12. Is x(15) composite?
True
Let i(z) = 13*z**2 - 242*z - 2537. Is i(156) prime?
True
Suppose x + 62702 = 5*a + 1581, 3*a - 36663 = -x. Is a prime?
False
Let k(g) be the first derivative of -g**3/3 - g**2/2 - g + 26. Let a(n) = n**2 + 16*n + 33. Let u(l) = -a(l) - 2*k(l). Is u(-26) a composite number?
False
Let k(r) = 1 + 3 - 16 - 2*r**2 - 6*r. Let l be k(-7). Is 2290/8 - 51/l composite?
True
Is 45/10*64926772/558 a prime number?
True
Let l(o) = -3*o + 39. Let x be l(21). Let z be (-3 + -1)*3/(x/(-746)). Let c = 840 + z. Is c prime?
True
Let a = 400449 + -236432. Is a composite?
True
Let s(r) = r**3 - 49*r**2 + 29*r + 13. Let y be s(46). Let m = 11596 + y. Is m composite?
True
Is (-1)/(-150)*12 - (26523592/(-100) - -1) composite?
True
Suppose -3*u = 4*u - 21. Suppose 37359 = 3*k + r + 2*r, 0 = -k - u*r + 12457. Is k composite?
False
Suppose -4*m + 7*m = 73188. Suppose 0 = -3*v - 2*k + 18308, 6*k - 5*k = 4*v - m. Suppose -5 = j, j - 2*j - v = -5*d. Is d a prime number?
False
Is (4/(-10) - (1232323776/(-90))/16) + 1 prime?
True
Let h be ((-477612)/54)/((-16)/6 - -2). Let f = h + -9464. Is f composite?
False
Suppose 3*h + 20 = 5*o, -3*o - 4*h + 10 = -2. Let w be 6/(-4)*(-1 - 1) + o. Suppose -w*q - 22373 = -20*q. Is q prime?
True
Suppose -4*v - 3*m - 15256 = 0, -v = -6*v - 2*m - 19063. Let j = 12710 + v. Is j prime?
False
Suppose 22 - 28 = 2*l. Is ((-13263)/15)/(1/15*l) composite?
False
Let j = -1049 + 2643. Let h = -88 + j. Suppose 0 = -6*n + 12*n - h. Is n a prime number?
True
Suppose -72328686 - 38575109 = -39*y + 1391362. Is y a composite number?
False
Is ((-11)/(154/601615))/((-9)/6 + 1) prime?
False
Let v(q) = 21*q + 151. Let r be v(-7). Suppose 2*j = n - 1929, 5*n + 1927 = 6*n - r*j. Is n a composite number?
False
Let i = 36 - 41. Let d(k) = 4*k**3 - 3*k**2 + 15*k + 13. Let o(t) = 2*t**3 - 2*t**2 + 7*t + 7. Let q(v) = i*o(v) + 2*d(v). Is q(-4) prime?
False
Suppose -18*d = -16*d - 2. Let k(c) = c**3 + c**2 - 2*c + 1. Let t be k(d). Is (1114/6)/((6/18)/t) composite?
False
Is 36/(-18)*(-4904529)/42 composite?
False
Suppose 2*f - 70 = 16*a - 20*a, -3*f - 66 = -3*a. Suppose 0 = -16*u - a*u + 153685. Is u a composite number?
False
Suppose 3*w - c + 20 + 144 = 0, c = -w - 48. Let p = w + 57. Suppose 1350 = -p*q + 4202. Is q prime?
False
Let t(n) = n**3 - 12*n**2 + 20*n - 3. Let z(i) = 3*i**3 - 37*i**2 + 61*i - 11. Let v(x) = 7*t(x) - 2*z(x). Is v(14) prime?
False
Suppose 3*p - 158 = -2*m, 3*p - 2*p + 237 = 3*m. Suppose -w + 6 = 2. Suppose m = w*q - 517. Is q prime?
True
Let v = -193698 - -525161. Is v a composite number?
True
Let b(x) = 53539*x**2 - 239*x - 473. Is b(-2) a prime number?
False
Let z = -572540 + 930789. Is z prime?
False
Let w = 227552 + -116701. Is w composite?
True
Is 59150737/(-515)*20/(-4) a composite number?
False
Let f = 347 + -60. Let p = 1206 - f. Is p a composite number?
False
Suppose 2*n + 50*n + 12*n = 1062592. Is n prime?
True
Let t = -345 + 350. Suppose 2*g - i - 4 = -2*i, -8 = -3*g - i. Suppose g*s + 2*p = 12454, t*s + 4*p - 15569 = -0*p. Is s a composite number?
True
Let v be ((-25)/(-10) + -3)*0/(-1). Is (-3)/4 + v + (-73328)/(-64) a composite number?
True
Let u be (-58)/(-6) - 4/(-12). Suppose 2*a + u = 5*h + a, -3*h = 5*a - 34. Suppose 2*y + h*d = d + 3432, 0 = 4*y + 2*d - 6858. Is y a prime number?
False
Let o(m) = -82*m + 177. Suppose 3*j + 2*i + 79 = 4*i, -3*j - 2*i - 59 = 0. Is o(j) composite?
False
Let p(b) = 105*b**3 - 9*b**2 - 115*b + 93. Is p(22) a prime number?
True
Let a(c) = -17*c**2 + c - 4. Let h be a(-4). Suppose 0 = 30*k + 6365 - 22355. Let z = h + k. Is z a prime number?
False
Is 560734/((-21)/231*-22) a composite number?
True
Let r(d) = -253*d - 47. Suppose 2*o + 4*o = -60. Is r(o) a prime number?
False
Let t(p) = -p**2 + 11*p + 80. Let u be t(10). Suppose u*l = 98*l - 44984. Is l composite?
False
Suppose 4*b - p = 1673840, -3*b - 2*p = -1118240 - 137129. Is b a prime number?
True
Suppose 51852 + 39358 = 2*b + o, -91202 = -2*b - 3*o. Is b a prime number?
False
Suppose 10*j - 6*j = -112. Let s be 1/((j/32)/(-7)). Suppose -3*f + 4*g = -1053, 5*g + 354 = f - s. Is f a composite number?
False
Suppose 0 = 15*c - 20*c - x + 603007, 3*x + 482398 = 4*c. Is c a prime number?
False
Let o = -126082 - -199128. Is o composite?
True
Suppose 2*m - 137399 - 12707 = 0. Is m a composite number?
True
Suppose 91897 = 3*x + 4*c, -32695 = -5*x + 5*c + 120455. Is x a prime number?
True
Suppose -1302815 = -25*w + 1685910. Is w composite?
False
Suppose 3638 = 2*d - 4*t - 0*t, 0 = -5*d - 3*t + 9082. Suppose -w + 2208 = 5*w. Suppose -5*k + w = -d. Is k a prime number?
False
Let m = 353 + -351. Suppose -5*u - a + 71433 = -333924, -m*a - 405351 = -5*u. Is u prime?
True
Let h(r) = 3*r + 32. Let f be h(-10). Let c be -4*3/9*(-3)/f. Is c + 2 - (-698 - -7) a prime number?
False
Let q = 125914 + -81821. Is q prime?
False
Let q = 436106 - 194155. Is q a composite number?
False
Let q(r) = 6*r - 11. Let p be q(2). Let l be (4 - 5)*(-6011 + p). Is l - (-7)/(14/(-6)) a composite number?
False
Suppose -5497 - 186243 = -20*r. Is r prime?
True
Suppose -u + 20 = 4*u, 0 = -w - u + 8. Suppose -11 = -w*a - 3. Suppose 5*z = -f + 6*f - 3390, a*f - 1361 = -3*z. Is f a composite number?
True
Let w(c) = 15*c**2 - 5*c + 252. Let z be w(13). Let k(j) = -j**2 - 7*j + 4. Let a be k(-6). Suppose -12*d + a*d + z = 0. Is d a prime number?
True
Let p(d) = 137*d**2 - 10*d - 22. Let w be p(-6). Suppose 4*i - w = 66. Is i prime?
True
Let b be ((-55)/33)/((-1)/2556*-2). Let p = b + 9685. Is p composite?
True
Let a = 171 - 85. Let o = 165 - a. Suppose -2*c = -c - o. Is c prime?
True
Let b(z) be the third derivative of -z**5/30 - z**4/24 + 557*z**3/6 + z**2. Let q = -96 + 96. Is b(q) composite?
False
Let a(x) = x - 12. Let n be a(15). Let d(w) = 36*w - 6 - 36*w + 17*w + 14*w. Is d(n) composite?
True
Let r(d) = -9*d**2 + 27*d + 45. Let i(j) = 34*j**2 - 109*j - 179. Let p(f) = -2*i(f) - 9*r(f). Is p(15) prime?
True
Let z = 43074 + 120655. Is z prime?
True
Suppose -267*c - 601864 = -5*d - 264*c, 0 = c + 3. Is d a prime number?
True
Let g be ((-1)/(-2))/((21/54)/7). Let l = -7 + g. Is l/6 + 484/33 composite?
True
Suppose 243*w + 303*w - 203791775 = 132073027. Is w a prime number?
True
Let b(y) = 93*y**2 - 12*y - 34. Let f(q) = -185*q**2 + 26*q + 68. Let u(x) = 9*b(x) + 4*f(x). Is u(-6) a prime number?
False
Let v = -37517 + 162778. Is v a prime number?
True
Suppose 11*a - 152 = 4732. Let u = a + -333. Is u a composite number?
True
Let z = 56 + -14. Let b = -42 + z. Suppose 0 = 4*u + 3*i - 2968, -i + b + 4 = 0. Is u a composite number?
False
Let k be (37 + -22)/(6/4). Suppose 0 = -k*i + 48*i - 9652. Is i composite?
True
Is (302558/(-6))/(((-220)/(-60))/(-11)) a composite number?
False
Let k(w) = w**3 - 7*w**2 + 2*w - 6. Let r be k(6). Let u be 2/5 + r/75. Is (-100)/(-1 + u) + -3 a prime number?
True
Let v(a) = -132096*a - 1991. Is v(-1) composite?
True
Is 4/((-2)/(-50656)*3) - 13/(-39) a prime number?
False
Suppose -2*c - c = -3*f - 261, 2*c = -2*f + 162. Suppose -l + 3*g + 371 = 3*l, -c = -l - g. Is l composite?
False
Let b(y) = -22572*y + 4781. Is b(-11) prime?
False
Suppose 1045821 + 821599 = 20*z. Is z composite?
False
Suppose -f = 7*x - 6*x - 36956, 5*x = -3*f + 184790. Suppose -5*a + x = -0*a - 2*k, -4*k + 22187 = 3*a. Is a prime?
True
Suppose -5*j = -k - 55, -59*j - 35 = -63*j - k. Let f(c) be the first derivative of c**3/3 - 3*c**2 + 18*c + 1. Is f(j) a prime number?
False
Suppose 5*q + 0*r + r - 35 = 0, 36 = 2*q - 4*r. Is (-120572)/(-20) + q/20 prime?
True
Let t(g) = -g**2 - 22*g + 73. Let i be t(-19). Let p = i + 2449. Is p prime?
True
Suppose 117*v = 2*q + 118*v - 1577931, 